3*k - 2 = 2*k. Suppose -y - 3*y + 40 = -n, -5*y = -5*n - 50. Calculate the highest common factor of k and y.
2
Let a = 151 - -69. Let p be 7 - (-7 - (3 - -3)). Calculate the highest common factor of p and a.
20
Suppose 0 = -4*h - 10 + 2. Let i = h - -8. Calculate the greatest common divisor of i and 30.
6
Let w(r) be the second derivative of -r**3/6 + 8*r**2 - r. Let x be w(6). Calculate the greatest common divisor of x and 4.
2
Let a(q) = q**2 - 5*q - 17. Let t be a(8). Calculate the greatest common factor of t and 7.
7
Let w be (-9)/2*6/(-9). Suppose -w*v = -v - 16. Let o = 9 + 7. Calculate the greatest common divisor of o and v.
8
Suppose u - 26 = -n, 3*u + 12*n = 7*n + 84. Calculate the highest common factor of 69 and u.
23
Suppose k + 4 = -2*t + 6, -t + 1 = -2*k. Suppose 0 = -2*i - 3*i + 20. Calculate the greatest common divisor of t and i.
1
Suppose -80 = -6*u - 2*u. Let g = -33 + 48. Calculate the highest common factor of g and u.
5
Let n(y) = 2*y + 10. Let b be (1*-1)/(6/(-42)). Let p be n(b). Calculate the highest common factor of 3 and p.
3
Suppose -3 = -2*c + 5*c. Let y(n) = -59*n + 1. Let a be y(c). Let v = -53 + 93. What is the greatest common divisor of a and v?
20
Let g(a) = 5*a**3 + a + 3 + 4*a**2 - a - 6*a**3. Suppose -c + 3 = -0*c. Let w be g(c). Calculate the highest common divisor of w and 4.
4
Suppose -2*u + 14 = -4*u. Let d = 10 - u. What is the greatest common factor of d and 153?
17
Let a = -1 - -33. Calculate the highest common divisor of 64 and a.
32
Let u(x) = x - 11. Let s be u(13). Calculate the greatest common factor of 3 and s.
1
Let o = 15 - -36. What is the highest common divisor of 17 and o?
17
Let n be (-4)/(3 - 2) - -5. Suppose 3*h + 2*h = -5. Let w = n - h. What is the greatest common factor of 8 and w?
2
Let i(r) = r - 13 + 3*r + 10. Let f be i(3). Suppose -4*c = -0*c - 36. What is the greatest common divisor of f and c?
9
Let x be 44*((-2)/56 - 2/(-7)). What is the highest common divisor of x and 88?
11
Suppose 0 = -2*l + 74 - 220. Let p = 109 + l. Let k = -123 + 177. Calculate the highest common factor of k and p.
18
Let v = 8 + -5. Suppose v*h - 68 - 31 = 0. Calculate the greatest common factor of h and 11.
11
Let j be -3 + 2 - (-6 - 0). Let n(i) = -i**2 + 7*i - 6. Let w be n(j). What is the greatest common divisor of w and 4?
4
Let d(s) = s**3 - 6*s**2 + 10*s - 15. Let f be d(6). Let t = -24 + 14. Let z be 176/10 + (-4)/t. What is the highest common factor of z and f?
9
Suppose -3*v = -v - 34. Calculate the highest common factor of 68 and v.
17
Suppose 17 = 3*t - 7. What is the greatest common factor of 40 and t?
8
Let f = -12 - -34. Suppose -n + 0 = -f. What is the greatest common divisor of n and 110?
22
Let n = -6 + -9. Let g be 2/6 + (-10)/n. Let f = 2 - g. What is the highest common divisor of 7 and f?
1
Suppose 2*k - 689 = -5*w + 37, 0 = 5*w - 2*k - 714. Calculate the greatest common divisor of w and 16.
16
Suppose -2*n - 3*n = 85. Let u = -1 - n. Let a(x) = -97*x**3 - x**2 + x + 1. Let m be a(-1). What is the highest common divisor of m and u?
16
Let w = 74 + -39. Let o(j) = j**2 - 11*j + 5. Let f be o(11). Suppose -r + 3*a + f = 0, r = 2*a - 3 + 8. What is the highest common factor of w and r?
5
Let l = 14 - 3. Calculate the highest common factor of 1 and l.
1
Let d be (-33)/55 + (-256)/(-10). Calculate the greatest common factor of d and 100.
25
Suppose 2*r - 11 = -3*a, 2*a - 22 = -2*a + r. Suppose f + 4*m = -11, 3*m + 7 + 7 = a*f. What is the greatest common factor of 5 and f?
1
Let w(y) = -y**3 - 6*y**2 - 8*y - 6. Let x be w(-5). Let d be -4*3/3*-1. Suppose d*l - l = 216. Calculate the greatest common divisor of l and x.
9
Let m be (4/(-2))/(4/6). Let r(y) = -8*y + 4. Let j be r(m). What is the greatest common factor of j and 70?
14
Let h = -3 + -10. Let q = -6 - 2. Let x = q - h. Calculate the greatest common factor of x and 2.
1
Let t be 6916/78 - (1 - (-2)/(-6)). Calculate the greatest common factor of 11 and t.
11
Suppose -3*m + 25 + 17 = 0. What is the highest common divisor of 154 and m?
14
Let i be (-12)/(-18) + (-4)/6. Let x be 81 - (i + 3/(-1)). Calculate the greatest common divisor of x and 21.
21
Let i(l) = 4 + 5*l**2 - l**3 - 1 - 1 + 7*l. Let y be i(5). Suppose 5*p + 5*r - 3 = y, 3*p + r = 34. Calculate the highest common divisor of p and 143.
13
Let w = 7 + -7. Let u be 0 + w - (-1 + 5). Let h be -5*(-2)/u*-12. Calculate the highest common factor of 10 and h.
10
Suppose 0 = -2*j + 4*a, j + 30 = 3*j + 2*a. Calculate the highest common divisor of 40 and j.
10
Let x(k) = 3*k. Suppose -s - 12 = -2*b + 2*s, -2*b = -2*s - 10. Let f be x(b). Let c = -23 - -41. What is the highest common divisor of f and c?
9
Suppose 148 = 4*w - 2*i, -2*i + 167 = 5*w - 0*i. Let k be (-2)/7 - (-1410)/w. Calculate the greatest common factor of 10 and k.
10
Let j(n) = -6*n + 3. Let l be -10*(3/(-2) - -2). Let u be j(l). Suppose u = 2*r + 5. Calculate the greatest common factor of r and 112.
14
Let b = 2 + -6. Let c be (-2)/(b/310) + -1. Let s = 46 + -32. What is the greatest common factor of s and c?
14
Let w be (51/4)/(-6 - 495/(-80)). Calculate the highest common factor of 17 and w.
17
Let p(c) = -9*c + 1. Suppose 2*t + 4 = -8. Let s be p(t). Suppose -s = 3*j - 8*j. Calculate the greatest common divisor of j and 11.
11
Suppose -3*g - 2*t + 84 - 8 = 0, -g - t + 26 = 0. Calculate the greatest common factor of 60 and g.
12
Suppose 2*r - 2 = 0, q - 2*q = -3*r. What is the highest common divisor of q and 27?
3
Let r(j) = -j**2 + 15*j - 2. Let z be r(13). Let g = z - 9. Calculate the highest common divisor of g and 120.
15
Let b = 10 + -3. Suppose 0 = -2*j - 0*j + 4, 4*s + 4*j - 48 = 0. Suppose 3*n = -x + 43, -s + 61 = 2*x - n. What is the greatest common divisor of x and b?
7
Let u be (6/24)/((-2)/(-40)). What is the greatest common divisor of u and 40?
5
Suppose -4*w - u + 8 = 0, 4 = -4*w - u - 3*u. Suppose 0 = -l + 11 + w. What is the highest common divisor of l and 35?
7
Let o(g) = g**2 - 3*g - 13. Let j be o(-4). Calculate the greatest common factor of j and 75.
15
Suppose -3*x + 32 = x. Suppose x = -d + 22. What is the greatest common divisor of d and 14?
14
Let m be -5*-42*4/20. Let a(f) = f**2 - 3*f + 2. Suppose 3*w - 5 = -2, 3*w - 11 = -2*q. Let t be a(q). What is the greatest common factor of m and t?
6
Let z(f) = -f - 8. Let u be z(-8). Let j(g) = g**3 + g**2 + g + 11. Let c be j(u). Calculate the greatest common divisor of 77 and c.
11
Let s be 1 + (0 - 0 - -25). Let a(y) = -64*y + 1. Let f be a(-1). What is the greatest common factor of s and f?
13
Suppose -3*o + z = -128, 4*o - 285 + 110 = -3*z. Calculate the greatest common factor of 172 and o.
43
Suppose 5*x - 2*x + 5*a = 2, -a - 5 = 0. Let q = -4 + x. Suppose 0 = 3*o - 3*c - 264, 2*o - 4*o = -q*c - 185. Calculate the highest common factor of o and 17.
17
Suppose 2*c + 9 = 5*p, 0 = -2*p + 6*p - 4. Let q be 1 + (c + 9 - -2). Suppose -3*i + q = 2*i. Calculate the greatest common divisor of 2 and i.
2
Let j be 27 - (-2 - (2 - 5)). Let r = j + -2. Calculate the greatest common divisor of r and 8.
8
Suppose 80 + 95 = 4*g + t, -3*g = -3*t - 135. Suppose -2*d = -2*p - 2*p + 34, 35 = 5*p - 4*d. Calculate the highest common divisor of p and g.
11
Let p = 12 + -8. Suppose -p*j - 3 = -t, -2*j = t + 2*j - 27. Suppose 3*l - 174 = -3*z, 2*z - 79 = -3*l + 97. Calculate the greatest common factor of l and t.
15
Let z be (-12)/(-8) - (-375)/2. Let k be 8/(-12)*z/(-6). Suppose k = 2*h - 17. Calculate the greatest common factor of 95 and h.
19
Suppose 3 = 2*o - 3. Let v be 2/o*3 + 2. Calculate the greatest common factor of v and 44.
4
Let a(t) = t**2 + 7*t + 6. Let p be a(-7). What is the highest common factor of p and 66?
6
Let a(n) = n + 9. Let d be a(8). Calculate the greatest common factor of 187 and d.
17
Let l = -28 + 8. Let p = l + 12. Let q = p + 10. What is the greatest common factor of 4 and q?
2
Suppose -6 = 5*s - 1, -c = -4*s - 16. Calculate the greatest common factor of 132 and c.
12
Suppose -4*p + 20 = -0*p. Let m(k) = 4*k**2 + 12*k + 10. Let q be m(-5). What is the highest common factor of q and p?
5
Suppose -5*x = 14 - 19. Calculate the greatest common divisor of x and 4.
1
Suppose -5*w - 5*t + 380 = 0, 0 = t + 3*t - 4. Suppose o - w = -4*o. 